= x - 18*d - 24. What is the units digit of x?
2
Let u(n) = -18*n + 29. Let w be (-13)/5 + 10/(-25). What is the units digit of u(w)?
3
What is the ten thousands digit of (-2)/(-17) - (-4 - 762699/51)?
1
Let n = 228 + -224. Suppose 5*w = n*u - 835, 5*u + w = u + 865. What is the tens digit of u?
1
Suppose 16*q - 53268 = -4036. What is the units digit of q?
7
Let a(h) = 4342*h - 3744. What is the ten thousands digit of a(10)?
3
Let x(c) = -1671*c - 608. What is the hundreds digit of x(-18)?
4
Suppose -3*n - 3*k + 5*k + 1087 = 0, -3*n = k - 1072. Suppose -f + 4*m = -n, 2*f + 4*m - 302 = 380. What is the units digit of f?
7
Suppose 6*g + 10 = 11*g - 2*n, -g + 5*n + 25 = 0. Suppose 5*k + 2*s - 7080 = g, -25 = -4*s - 5. What is the units digit of k?
4
Let v be (-26)/(-10) - 22/(-55). What is the units digit of 738/((-3)/(-1)) + v?
9
Suppose 2*g - 4 = 4, 5*b - 3*g - 58 = 0. Suppose -13*z - 2 = -b*z. Suppose -12 = -r - z*r, 2*r + 96 = w. What is the hundreds digit of w?
1
Let l be 21/14*1*-10. Let n be (l/(-18)*2)/((-5)/(-6)). What is the hundreds digit of (-9)/(-3) - ((-162 - n) + -2)?
1
Let n = -253 - -517. Let f = 38 + -8. Suppose -f = 3*q - n. What is the units digit of q?
8
Suppose 26*w + 10*w - 398514 = 486402. What is the units digit of w?
1
Let s be (107 + 1)*6*(-5)/20. Let a be 10/(-3)*s/45. Suppose h = 74 + a. What is the units digit of h?
6
Let w(m) = 10*m + 317. Let b be w(-31). Let z(v) = 4*v**3 - v**2. Let a be z(1). Suppose -a*l - 320 = -b*l. What is the tens digit of l?
8
Suppose -x = 4*g + 2, 2*g - 2 + 4 = 0. Suppose -4*j + 12 = x*j. Suppose 4*q + j*q = 90. What is the units digit of q?
5
Suppose 13*i + 2*i - 84876 = 4*i. What is the units digit of i?
6
Let t(v) = -11*v + 51. Let h be t(6). Let q(u) = 12*u + 48. Let x be q(h). Let n = x - -156. What is the tens digit of n?
2
Let o be (-2)/4*(2 + -5128). Let q = o + -1115. What is the units digit of q?
8
Let s = -3833 - -6403. Suppose -4*o = 6*o - s. What is the units digit of o?
7
Let f be 2*6/(-2) - -4. Let i be (-1)/(8/(-16) + 1/f). What is the hundreds digit of (i + (-14)/(-4) + -4)*292?
1
Suppose -52*s + 57*s - 1160 = 0. Let w = 395 - s. What is the tens digit of w?
6
Let h(x) = -5*x + 2 - 4 - 1 - 7. Let y be h(11). Let b = -46 - y. What is the tens digit of b?
1
Let k(x) = x**3 - 79*x**2 + 466*x - 253. What is the units digit of k(73)?
1
What is the thousands digit of ((-55020)/40)/21*(1 - (323 - -2))?
1
Let i = -60 - 40. Let h = -101 - i. What is the hundreds digit of 225 + (-9)/(-18)*2*h?
2
Let r(i) = 1156*i - 71. Let f be r(3). Let l = f - 2350. What is the thousands digit of l?
1
Let l(q) = 63*q - 42. Let p be l(21). Let k = -189 + p. What is the tens digit of k?
9
Let q be ((-104)/6)/((-2)/6). Let v = -40 + q. What is the hundreds digit of (-2 + v)/(-5)*298/(-4)?
1
Let f(r) = -7*r**3 + 23*r**2 - 16*r - 17. Let d(a) = 4*a**3 - 11*a**2 + 8*a + 8. Let p(l) = -5*d(l) - 3*f(l). What is the hundreds digit of p(15)?
3
Let i(h) = h**3 - 25*h**2 + 6*h - 368. What is the hundreds digit of i(42)?
8
Let d(g) = 317*g**2 + 8*g - 2. Suppose -10*m + 19*m = 9. What is the hundreds digit of d(m)?
3
Let i = 48310 + -23957. What is the tens digit of i?
5
Suppose -5*v + 16*y = 11*y - 105, -2*v + 54 = -5*y. What is the tens digit of v - -317 - 0/(1 + 1)?
3
Suppose -4*w - 4 = 0, 2*z - 3*w - 13 = -0*w. Suppose 5*j + 360 = -5*x, -3*j = -z*x - 0*j - 368. Let f = 98 + x. What is the units digit of f?
5
Let u be (0 + -11)/(((-9)/(-3))/(-9)). Suppose -4*v + 5*c = -1898, -2*v - u = -4*c - 979. What is the hundreds digit of v?
4
Let q = -43 + 94. Suppose q*n + 186 = 53*n. What is the units digit of n?
3
Suppose -5*j = -4*d - 93, -2*d - 2*j - 39 = -3*j. What is the units digit of (d - -2)*(-38)/6?
5
Suppose -127 = -3*r + 5*x, 2*r + 2*x - 86 - 4 = 0. Let i = 345 - r. What is the hundreds digit of i?
3
Suppose 0 = t - 4*l - 760, 4*l - 6*l - 3890 = -5*t. What is the hundreds digit of t?
7
What is the hundreds digit of (7 - 5)/((-5)/(-20)) + -4 + 11294?
2
Let g(l) = -27*l - 18. Suppose 8*o - 2 = 7*o - 3*i, 5*o - 30 = 5*i. Let u be g(o). Let k = -51 - u. What is the tens digit of k?
0
Let w(d) = d**2 + 11*d - 75. Suppose 4*t - 5*j = -28 + 112, -12 = -t - j. What is the units digit of w(t)?
7
Let f be 1123 + -4*(-6)/(-4). Suppose 0 = -3*s + 4*t + 339 + 3064, 3*t - f = -s. What is the thousands digit of s?
1
Let r(z) = z**3 + z**2 + 7*z + 8. Let j(n) = 2*n**2 - 6*n - 28. Let p be j(-3). What is the tens digit of r(p)?
4
Let a = 17363 + -10166. What is the tens digit of a?
9
Let c be (8 - 1) + -4 + 4. Let d(k) = -16*k + 3*k - 7803*k**2 + 7796*k**2 + 2*k**3 + 14. What is the tens digit of d(c)?
6
Let c(k) be the second derivative of k**4/12 - k**3 + 52*k**2 + k + 21. What is the tens digit of c(0)?
0
Suppose -4939 - 16067 = 6*u. Let t be (-1)/2 - u/18. Let r = t - 107. What is the units digit of r?
7
Let v = -212 - -35. Let u = 359 - v. What is the hundreds digit of u?
5
Let l(s) = 850*s + 564. What is the thousands digit of l(3)?
3
Suppose 4*y + 2*x - 22 = 0, -y - 6 = -2*x + 1. Suppose y*k + 5*a = -2789, k - a + 1184 = 249. What is the tens digit of (-1 + k/(-3))*3/6?
5
Suppose -95*g + 90*g = -10. Suppose 3*i = -g + 320. What is the units digit of i?
6
Let d(s) = 6*s**3 - 9*s**2 + 118*s - 1052. What is the units digit of d(9)?
5
Let i = -95 + 98. Let a(k) = 2 + 8*k + k**2 - 38 + i. What is the tens digit of a(7)?
7
Let x = 68531 - 45361. What is the ten thousands digit of x?
2
Let i be 3*(9 + -5) - 1/1. Suppose 5415 = i*d + 454. What is the units digit of d?
1
Let k(z) = 6*z**2 - 1. Let w be k(-1). Suppose -33*l - 13*l + 5980 = 0. Suppose -w*a + l = -0*a. What is the units digit of a?
6
Let j = 335 + -1686. Let b = 2265 + j. What is the units digit of b?
4
Suppose -4*x = -3*n - 3727, 0 = -2*x - n + 776 + 1085. What is the hundreds digit of x?
9
Let g = 62078 - 43828. What is the units digit of g?
0
Suppose -334925 = 331*u - 599964 - 2477627. What is the units digit of u?
6
Suppose 4*l - 58*l + 8553024 = 132*l. What is the hundreds digit of l?
9
Suppose -12 = -11*d + 8*d. Suppose 3*o + 2*f + 905 = 81, -d*f - 1372 = 5*o. Let b = -165 - o. What is the units digit of b?
1
Suppose 5*g + 3*m - 28 - 3 = 0, 4*m = 2*g - 2. Suppose -u + 1059 = u - g*r, 3*u - 4*r - 1585 = 0. What is the tens digit of u?
2
Suppose 5*v + 12913 = 2*b, 16*v - 22*v = 2*b - 12946. What is the hundreds digit of b?
4
Suppose 0 = 3*p - 1452 + 477. Suppose f - 1282 = -3*f + 2*h, -f + 2*h + p = 0. What is the tens digit of f?
1
Let i = 10213 + -9022. What is the units digit of i?
1
Suppose 0 = -14*p + 12*p + 11380. What is the units digit of p?
0
Let r be 2 + 5876/3*150/100. Suppose r = -41*d + 44*d. What is the hundreds digit of d?
9
Let r(g) = -547*g**3 - 3*g**2 - 46*g - 148. What is the tens digit of r(-3)?
3
Let w(i) = i + 7. Let b = 45 - 49. Let q be w(b). What is the units digit of ((45/(-2))/q)/((-3)/6)?
5
Let f = 394 + 3134. What is the tens digit of f?
2
What is the hundreds digit of (-3 - -10933) + (-40)/(-50) + (-4)/(-20)?
9
Suppose -c - c = -2*r, -4*c + 12 = 2*r. Suppose -113 + 803 = c*x. What is the hundreds digit of x?
3
Suppose -55*j + 17*j = -3458. Suppose 14569 = -74*x + j*x. What is the hundreds digit of x?
8
Suppose 3*k = 5*d - 2092, -7*k = d - 3*k - 423. Suppose 5*l - 5*w - d = 3311, -5*w + 1471 = 2*l. What is the tens digit of l?
4
Let y be (1 - -9)/((-4)/(-2)). Suppose -2*w = -y*q - 356, 8*w - 4*q - 181 = 7*w. What is the tens digit of w?
7
Let n(a) = -a**3 + 17*a**2 - 30*a + 13. Let v(j) = j**2 + j - 1. Let o(z) = n(z) + v(z). What is the tens digit of o(13)?
8
Suppose 962 = -143*v + 141*v. Let i = v - -805. What is the hundreds digit of i?
3
Let v(p) = -p**3 + 6*p**2 - p + 6. Let u be v(6). Suppose u = 5*b - 334 - 806. Suppose 0 = -11*h + 7*h + b. What is the tens digit of h?
5
Suppose 5*z - 27424 - 171361 = 3*n, -5*z = -2*n - 198780. What is the tens digit of z?
5
Suppose 4*l - 47 = 5*l. Let u = l - -51. Suppose 0 = -u*q + 3*m + 210 + 31, -5 = -m. What is the units digit of q?
4
Suppose -v - 29*o + 6220 = 0, 0 = -9*v + 8*v - 5*o + 6412. What is the tens digit of v?
5
Suppose 0 = -3*f - 5 + 14. Let w(r) = 7*r**3 - 19*r**2 + 24 - 2*r**f - 2*r - 7*r**3 + r**3. What is the units digit of w(-19)?
2
Let v(q) = 2*q**3 + 2*q**2 +